+ -14).
-7
Calculate -4 + (11 - (-12 + 12)).
7
What is 0 - -1 - (11 + -9)?
-1
Evaluate -14 + 6 - -5 - (0 + -1).
-2
What is -7 + 0 + 4 - 0 - 2?
-5
What is 1 + -2 + 2 + 0 - 3?
-2
7 + 1 + (-4 - -1)
5
Evaluate -7 - (0 + -6 - -2) - 3.
-6
-1 + -4 + 8 - 6
-3
What is 8 + -4 - (-1 + -3 + 5)?
3
Calculate (10 - -8) + -13 - 3.
2
What is (-10 - 2) + 26 - 11?
3
Calculate (2 + -5 - -6) + -6 + -1.
-4
What is the value of -2 - 1 - -20 - 6 - 6?
5
What is the value of -5 - (3 - 0 - (2 - -1))?
-5
8 + 6 + -8 + -4
2
Evaluate -2 + (0 + -2 - 3 - -4).
-3
Evaluate 4 - -1 - (-1 + 4) - 2.
0
Calculate 3 + (4 - (5 + 0 - -7)).
-5
Calculate 14 + 7 + -28 - (0 + -8).
1
What is (3 - 4) + (25 - 21)?
3
-1 + -4 - 2 - -5
-2
Evaluate 4 - (0 + 1) - -2.
5
Evaluate -4 - (-3 - (7 + -10)).
-4
What is the value of (-1 - -7) + 11 + -9?
8
What is -1 - (0 + (4 - 2 - 2))?
-1
What is (35 - 18 - 8) + (1 - 3)?
7
What is 7 + -7 + -3 + -1?
-4
Calculate -2 + (-2 - -2) - -1 - 4.
-5
What is the value of 4 + 1 + -4 + 1?
2
What is -9 + -2 - (88 - 89)?
-10
What is the value of (3 - (6 + -10 + 7)) + -5?
-5
What is 5 + -5 + 3 - 5?
-2
What is -7 + 8 - (-4 - (1 + 1))?
7
Evaluate -1 - 5 - -10 - -1.
5
What is the value of (-7 + 2 - -4 - -1) + -3?
-3
What is the value of (1 - 4) + 4 + -3?
-2
Calculate (0 - 4) + (21 - 20).
-3
Calculate -1 - (6 - 20 - -7).
6
What is 6 + -8 + (10 - 7)?
1
Calculate -2 - (2 - 0 - (-1 - -3)).
-2
What is the value of 1 + 0 + -2 + (4 - 4)?
-1
-1 + 1 - (1 + 4)
-5
What is -8 + 12 + -9 + (1 - 1)?
-5
What is the value of 6 - (-6 - -18) - -5?
-1
1 + (-1 - (-3 - -4)) + -4
-5
What is (-8 - -4) + -2 + 7?
1
5 + -1 + -6 - -1
-1
What is the value of -14 + 13 - (1 + (-3 - -2))?
-1
What is the value of -1 - (5 - 5) - 5 - -5?
-1
What is -5 - (8 - 5) - 1?
-9
Evaluate (-5 - -6 - -1) + -3 + 6.
5
What is 4 + 1 + (-5 - (-5 - -6))?
-1
Calculate -6 + 3 + (-6 - -6) + -3.
-6
What is the value of 2 - (-10 + 9 + -4)?
7
What is the value of -2 + 2 - -5 - (18 - 16)?
3
(-4 - (2 + -2)) + (14 - 16)
-6
Evaluate 13 - ((-4 - -19) + -8).
6
What is the value of 38 + -39 + (1 - 8)?
-8
0 + (-3 + 4 - 5) + 3
-1
Calculate (11 - 11) + (1 - 1) + 3.
3
Evaluate 5 + (-8 - (5 + -8)).
0
Calculate -4 + 2 + (6 - 3).
1
What is 0 + 3 + 2 + -2 + -3?
0
What is -9 - 0 - -12 - 9?
-6
2 - (0 - (1 + 3))
6
What is the value of -3 + (-9 - -14) - -9?
11
Calculate 4 + (3 - 5) + -2 - 3.
-3
5 + 2 + -8 - (-2 + 1)
0
What is the value of (-1 - 1) + (-15 - (-16 - -2))?
-3
-2 - (1 - (2 + 1)) - 0
0
Evaluate 0 + (-8 + 3 - 0).
-5
What is the value of -14 + (2 + 1 + 0 - -3)?
-8
Evaluate 8 + 4 + -8 + (1 - 1).
4
6 - (4 - (2 - (12 + -4)))
-4
Evaluate 8 + -8 - -5 - -2.
7
-11 - (5 - 7 - (3 - 2))
-8
What is 5 - ((3 - 3) + 2)?
3
23 + (11 - 28) + -1 + 2
7
Calculate (1 - -1) + -6 + (3 - -4).
3
What is the value of (27 - 26) + (-3 - -6)?
4
What is (8 - (0 + (3 - 1))) + -5?
1
Calculate 9 + 3 + 10 + -20.
2
Evaluate -20 - -25 - (0 + 2 - 0).
3
Evaluate -58 + 54 + (-1 - -4).
-1
What is 0 - (0 + 9 + -7)?
-2
What is the value of 4 + -7 + 3 - 4?
-4
What is 2 + 0 + 3 + (-12 - -3)?
-4
Evaluate (0 - (1 - 3)) + 2.
4
Evaluate 3 + 1 + (-1 - -1).
4
Evaluate (-4 - -3) + -12 + 8.
-5
Evaluate (-3 - -2) + 1 - (6 + -9).
3
Calculate 2 + 1 - (2 + -1 + 6).
-4
What is the value of (12 - 15) + 2 + 0 + 0?
-1
What is the value of -1 + -2 + 3 + -4 + 7?
3
What is 0 + (4 - 0) + -3?
1
What is (0 - 3 - 0) + -2 + 3?
-2
Calculate 0 - 0 - (19 - 19) - 0.
0
9 + -10 - (0 - 0)
-1
3 - (1 - 6) - 3
5
Evaluate (8 - 0) + -3 - -2.
7
Calculate -3 + 1 + (-17 - -11) + 9.
1
Calculate 18 + -18 + (2 - (-1 + -1)).
4
What is 1 - -2 - (10 + -8)?
1
Calculate 1 + (2 - 10) - -6.
-1
Evaluate 5 + -8 + 4 + -4 + 0.
-3
Evaluate (1 - (-2 + 0)) + 0.
3
What is the value of -2 - (-10 + 4 - -1)?
3
Calculate 26 + -19 + 4 - 10.
1
Calculate -6 + (-5 - (-10 + -3)).
2
Calculate -14 - (-13 + -7 + 5).
1
What is 7 + (8 - (23 + (4 - 2)))?
-10
What is -4 + 0 - (-2 + (-3 - -4))?
-3
Evaluate -13 + 5 + 0 - -7.
-1
What is 3 + 4 + -4 + 1 + 1?
5
-3 + -2 + 2 + 4 + -8
-7
Evaluate (1 - (4 - -2)) + (1 - 1).
-5
(-18 - -3) + 16 + 1 + -11
-9
Evaluate 6 - (5 + -6 + -6 + 6).
7
Calculate 2 + -3 + -4 + 4.
-1
Evaluate -5 + 2 + 9 + -5.
1
What is the value of -3 + (-10 - -17) - -2?
6
-1 + ((3 - 2) + -4 - 0)
-4
What is -14 + 19 + (3 - 2) + -1?
5
Calculate -1 - 6 - (28 - 32).
-3
What is the value of 4 - (1 - -1) - -1?
3
What is -2 + 2 + 1 + (8 - 5)?
4
-13 + (-5 - -12) - -5
-1
Evaluate -13 + (-1 - 3 - -13).
-4
1 + 1 - 2 - (-19 + 15)
4
What is the value of 10 - (-5 + -1 - -10)?
6
Evaluate 1 - 0 - (29 - 20).
-8
Evaluate (-3 - 2) + (4 - -4).
3
1 + -6 + 2 + -3
-6
What is the value of -7 - (-7 + -3 + 13 + -1)?
-9
What is (5 - 14) + (2 - -4) + -5?
-8
Evaluate 59 + -61 + (7 - 0).
5
What is -6 - ((1 - 5 - 1) + 1)?
-2
What is the value of (-6 - -1) + (9 - 7) + -1?
-4
Evaluate (7 - (-2 + 4)) + -4.
1
What is the value of 9 - (1 + 11 - -2)?
-5
Evaluate 92 - 93 - (-10 + 1 + 0).
8
Evaluate (-10 - -3 - -14) + -6.
1
What is 4 + 1 + -1 + -3?
1
Evaluate -3 + (-4 - -6) + 2.
1
Calculate -12 + (1 - (-13 - -8)).
-6
What is (-4 - 1) + -9 + 7 - -1?
-6
What is -2 + 7 + -4 - (-2 - -9)?
-6
Calculate -1 + 4 + 4 + (-93 - -92).
6
1 + 0 + (-6 - -10)
5
What is the value of 0 + -2 + (-1 - (0 + 1))?
-4
Calculate (-14 + 7 - 4) + 6.
-5
Calculate -1 + 0 - (26 + -16) - -3.
-8
What is -1 + (-2 + 0 - -7)?
4
What is the value of (-3 + -3 - -5) + -2?
-3
What is the value of 2 + 1 + 2 + -8?
-3
Evaluate 8 - 3 - 5 - (3 + -2).
-1
Calculate -1 + 6 + -4 + 0.
1
What is the value of -5 - (0 - (3 + -1))?
-3
What is the value of (-22 - -18) + (3 - 0)?
-1
Calculate -1 + (1 - (3 + 2)).
-5
-4 + (-4 - 0) + 5 + 3
0
What is 0 - -1 - 7 - (8 + -11)?
-3
What is 1 - 1 - (3 + (-3 - -1))?
-1
What is -2 - (3 + 0 + -4)?
-1
What is the value of 1 + 1 - -1 - 8?
-5
Calculate -9 - (6 - (13 - 1)).
-3
What is 6 + -3 - (1 - -4 - 0)?
-2
What is -12 + 5 + 2 + -2?
-7
What is the value of (0 + -2 - -1) + -1?
-2
What is -1 - ((-6 - -1) + 3 - -5)?
-4
What is the value of 0 - 1 - (3 - -1 - 2)?
-3
Evaluate -6 + 0 - (-3 - (4 + -1)).
0
4 + -4 - 9 - -6
-3
Calculate 1 + 0 - (-12 - -16).
-3
Evaluate 1 + (-4 + 4 + 3 - 1).
3
Evaluate 0 - (-2 + (3 - 7) + 2).
4
0 + (-13 - (-7 - 1))
-5
What is 3 - (1 - (1 + 1) - -7)?
-3
Evaluate 1 + -1 + 10 + -6.
4
Calculate (12 - (-3 + 15)) + 2.
2
Calculate 5 - (3 + 8 + -21 + 8).
7
Calculate -2 - (-1 + (4 - 3 - -4)).
-6
10 + -10 + 12 + -9
3
What is -3 - (-1 + 6 + -5)?
-3
What is (0 - 3) + 1 + (-12 - -8)?
-6
What is (-3 - ((-18 - -4) + 5)) + -1?
5
What is 1 + -4 - (159 + -160)?
-2
What is -1 - -5 - (8 - (1 + 5))?
2
What is the value of 9 - (0 + -1 + 3)?
7
Evaluate -3 + (-5 + (-3 - -13) - 0).
2
(6 - -2) + 0 + -8 + 7
7
What is the value of 9 + -7 - (7 + -3)?
-2
What is 13 - (8 - (-6 + 10 + -4))?
5
-2 + (0 + (0 - 4) - -10)
4
7 + (2 - 1) + -7
1
Calculate (7 - (2 - -1)) + -4.
0
What is the value of 5 + 15 + -10 - 0?
10
Evaluate 0 + 6 + -3 - -2.
5
Calculate -8 + (-2 - -8) + 6 + -11.
-7
Evaluate -4 - 1 - (10 + -8) - 4.
-11
Evaluate (-5 - -9) + -2 + -9.
-7
What is the value of 6 - (5 + (-5 - (-10 - 2)))?
-6
7 + -16 + 15 - (0 - -11)
-5
What is the value of (3 - 2) + (-15 - -15)?
1
Evaluate 7 + -4 + 1 - (1 + 3).
0
What is (-1 + -1 - (1 + 5)) + 3?
-5
Evaluate 10 + 12 + -4 - 10.
8
Calculate (-3 - -1) + (2 - 1) + 3.
2
Evaluate 9 + -15 - -14 - 13.
-5
Calculate -2 - (0 - (-2 - -4) - 5).
5
Evaluate ((3 - 21) + -7 - -8) + 9.
-8
What is 5 + (-3 - 4) + (0 - 3)?
-5
1 - (0 + (3 - 4))
2
What is 9 - 9 - (-2 + 5)?
-3
Calculate -2 - (10 - 5 - 3).
-4
What is the value of (2 - -2) + -4 + -7 + 9?
2
Evaluate 2 + (1 - (2 + -4)).
5
What is the value of -8 - -8 - (1 + 5 - 1)?
-5
What is -6 + -8 + 7 + 11?
4
Calculate 2 + -2 + 3 - -3 - 3.
3
-1 - -5 - ((15 - 8) + -7)
4
What is the value of (-2 - (-2 - -3) - -6) + -1?
2
What is -4 + -12 + 8 + 4?
-4
What is (-7 - 0) + -103 + 112?
2
What is the value of (3 - 7) + (-3 - -2) - -7?
2
What is the value of (4 - 4) + 2 + 0 + 1?
3
Evaluate 1 + (-14 - -4 - 0 - -4).
-5
Calculate (5 - 1 - 0) + -5.
-1
What is the value of -9 + 8 - (1 + 0) - 3?
-5
-6 - (-2 + 7 + -9)
-2
Calculate 0 - (-4 + 1 - (5 + -6)).
2
What is 3 + 0 + (-3 - -2) - -2?
4
What is 0 - -7 - (35 + -31)?
3
Calculate -12 + 1 + -8 + 14.
-5
What is -1 - 13 - (-97 - -89)?
-6
What is the value of (-5 + 4 - 3) + 3 + -1?
-2
What is the value of -12 - (0 + 0)